l - y*t + 4. What is the units digit of l?
3
Suppose o + 10*o = 715. What is the tens digit of o?
6
Let d = 52 + -36. Suppose -3*o + 5*o - d = 0. What is the units digit of o?
8
Suppose 15*y + 69 = 16*y. What is the tens digit of y?
6
Let d(a) = 65*a. Let x(f) = -13*f. Let v(h) = -5*d(h) - 26*x(h). What is the units digit of v(1)?
3
Suppose -287 = -5*c - 67. What is the units digit of c?
4
Suppose -3*d = -8*d + 25. Suppose -d*y + 4*j + 115 = 0, -y + 0*y = j - 32. Suppose 0 = -4*a + 3*f + y, 3*f + 15 = -0*f. What is the units digit of a?
3
Suppose 0*z + 7 = p - 3*z, 0 = 4*p - 3*z + 17. Let f = -6 - p. Suppose -f*t = -2 - 2. What is the units digit of t?
2
Let f(t) = 2*t + 11. Let d be f(-13). Let v = -9 - d. What is the units digit of v?
6
Suppose -i + 15 = 2*i. Suppose 0 = -0*b + b - i. What is the units digit of 3 - b - -1 - -7?
6
Suppose 0 = n + 4*k + 11, 2*n + 2*k = -2*k - 10. Suppose 14 = 3*v - 2*w - 2*w, -2*v + n = -w. Let i(b) = -b**3 - b. What is the units digit of i(v)?
0
Let r = -4 - -7. Let p = 16 - r. What is the units digit of p?
3
Suppose -3*i - 3 = 0, 0 = 5*p - 3*i + 7*i - 21. Suppose 39 + 16 = p*t. What is the units digit of t?
1
Let h(s) = -4*s**3 - s**2 - s. Let f be h(-1). Suppose -f*t = y - 58, -4 = y + y. What is the units digit of t?
5
Let l = 18 - -38. What is the units digit of l?
6
Suppose 4*f + f = 0. Suppose f = -0*l + l - 10. What is the tens digit of l?
1
What is the tens digit of ((-6)/9)/(4/(-258))?
4
Let n = 15 - 15. Suppose n = 4*p - 5*p + 4. What is the units digit of p?
4
Let o = -13 - -46. What is the tens digit of o?
3
Let g(c) = -3 + 3 + 0 + 20*c. Let p be g(3). Suppose 0 = 3*a - 8*a + p. What is the tens digit of a?
1
Suppose 3*u = 2*b + 22, 26 = -0*u + 4*u - b. What is the units digit of u?
6
What is the tens digit of 124/3*(-3)/(-2)?
6
Suppose 0 = i - 6*i + 15. Suppose -2*z = i*q, 7*z = -5*q + 2*z - 5. Let x = 0 + q. What is the units digit of x?
2
Let b be 4/20 + (-61)/5. Let k(o) = -o. Let t be k(3). Let w = t - b. What is the units digit of w?
9
Let p(z) = z. Let v(s) = -5*s - 1. Let l(t) = 4*p(t) + v(t). What is the units digit of l(-3)?
2
Let g be 11*8/20*5. Let a be -2*(-2 - (-26)/4). Let u = g + a. What is the units digit of u?
3
Suppose -5 + 51 = 4*c - 5*a, -5*c = -2*a - 49. Suppose c + 3 = p. What is the tens digit of p?
1
Suppose 9*j = 11*j - 18. What is the units digit of j?
9
Suppose 0*o + 86 = u - 5*o, 4*u + o = 449. What is the hundreds digit of u?
1
Let f(q) = -q**3 + q**2 + 12. Let d(r) = r**2 - 10*r + 10. Let o be d(9). Suppose -3*j - 3 = 3*x, 4*j + x + o = -0. What is the units digit of f(j)?
2
Suppose -83 = -2*w - 25. What is the units digit of w?
9
Suppose c = -3*h - 5, 4*c - 4*h + 4 = -0*c. What is the units digit of 3/(c - 1) + 3?
2
Suppose 5*h = y + 2*y + 16, 5*y + 20 = 5*h. Let v = y + 33. What is the units digit of v?
1
Suppose -3*n + 4*n = 3*z - 6, 3*n = 0. What is the units digit of z?
2
Let c = 135 - 112. Suppose -4*h - 35 = 2*u + u, -2*h - 20 = 2*u. Let m = c + u. What is the tens digit of m?
1
Suppose -844 = -5*i - 9. What is the hundreds digit of i?
1
Let b = -25 - -34. What is the units digit of b?
9
Let h = 14 + -6. Let i = h + -13. Let d(k) = k**2 + 3*k - 6. What is the units digit of d(i)?
4
Suppose -3*m = -130 - 308. What is the tens digit of m?
4
Let h(d) = 3*d - 7. What is the units digit of h(8)?
7
Let v(n) = n**3 - n**2 - 4*n - 2. Let y be v(-3). Let i = y - -38. What is the tens digit of i?
1
Let j be 2/(-9) - (-112)/18. Suppose -j*d + d = -20. Suppose 0*x + 14 = -v + 5*x, -d*x = -2*v - 4. What is the units digit of v?
6
Let b = 9 + -3. What is the tens digit of b/27 - 291/(-27)?
1
Suppose 2*t - 4*m = -0*t + 6, -3*m = 2*t - 6. Suppose -t*z = -12 - 18. What is the tens digit of z?
1
Let r(y) = -y**3 + 5 - 5*y**2 - 3 + 2. Let b(z) = z**3 + 3*z**2 + 5*z + 10. Let q be b(-3). What is the units digit of r(q)?
4
Suppose 5*l - 151 = 3*t + 57, 0 = -l + 3*t + 32. What is the tens digit of l?
4
Suppose -2*t - 2*y = -70, -t + 4*t - 4*y = 70. Suppose 5*l - t = -0*l. What is the units digit of l?
6
Let j(s) be the third derivative of 19*s**4/24 - s**3/3 + 8*s**2. What is the units digit of j(1)?
7
Suppose b - 2 = -b - 2*x, 1 = -4*b - 5*x. What is the units digit of b?
6
Let u = -181 - -338. What is the tens digit of u?
5
Suppose -a = -5*l + 919, 2*l - 4*l + 5*a = -363. What is the units digit of l/16 + 3/(-2)?
0
Let m(g) = 12*g - 16. What is the hundreds digit of m(11)?
1
Let w = -94 - -145. What is the tens digit of w?
5
Let c(f) = -f**3 + 14*f**2 + 11. What is the units digit of c(14)?
1
What is the tens digit of ((-308)/(-12) - 4 - 4)*3?
5
Suppose 0 = 3*u - 3 - 6. Suppose -4*r - 2*q = 32, -u*r - 23 = 3*q - 2. What is the units digit of (-38)/(-9) - (-2)/r?
4
Suppose 5*i + 3*a = 390, 0 = -3*i - i + 2*a + 290. What is the units digit of i?
5
Let a(y) be the second derivative of y**5/20 - y**4/12 + y**3/6 + 12*y**2 - 2*y. What is the tens digit of a(0)?
2
Suppose -2*o = -o - 45. What is the tens digit of o?
4
Let d(p) = 9*p**2 - 7*p**3 + 1 - 7 + 6*p**3. Let j be d(9). Let w(a) = -a**2 - 5*a + 8. What is the units digit of w(j)?
2
Suppose 8 = 3*f + x, 3*f = -0*f + 4*x + 28. Suppose -2*q = -f*m - 76, -3*q + 5*m - m + 108 = 0. Suppose q - 2 = 3*k. What is the tens digit of k?
1
Suppose -4*j + s = -16, 4*j - 4*s - 16 = 12. What is the units digit of 2 - j/1 - -4?
3
Let w(d) be the second derivative of d**4/12 + 2*d**3 + 3*d**2 - d. Let o(t) = -t**2 - 10*t - 28. Let p be o(-8). What is the units digit of w(p)?
6
Let t be 10/3 + 2/3. What is the tens digit of (1 - -1 - t)*-5?
1
Let p = -40 - -43. What is the units digit of p?
3
Let o(q) = -q**3 - q. Suppose -9 = -4*u - 4*x + 39, -4*u - 3*x + 44 = 0. Suppose 0*b = -4*b - 4*r, 0 = -4*r + u. What is the units digit of o(b)?
0
Suppose -1 = -0*q + q. What is the units digit of ((-6)/12)/(q/6)?
3
Let i be (-2 - -6)/(2/(-8)). Let s(a) = -33*a**2 + 2*a + 2. Let p be s(-1). Let k = i - p. What is the tens digit of k?
1
Let x(p) = p**3 + 5*p**2 + p. What is the units digit of x(-2)?
0
Let w = 31 - -236. What is the units digit of w?
7
Let n = 29 - 12. Suppose 0 = -v - 3*r - 5, -3 = -v + 2*r + n. What is the tens digit of v?
1
Let p(a) = 4*a - 8. What is the units digit of p(12)?
0
Let o(g) = g**3 + 7*g**2 + 5*g - 6. Let x be o(-6). Suppose x = r + 3*r - 44. What is the tens digit of r?
1
Let x(n) = -n**3 + 2*n**3 + n + n**2 + 1 + 0*n**3. Let g be x(-1). Suppose g = -0*h - h + 11. What is the tens digit of h?
1
Let r(t) = 3*t**2 + 2*t. Let k be r(6). Suppose 5*g = 5*d + k, -d + 2 = -0. What is the units digit of g?
6
Let l(w) = -4*w - 3. Let h be l(-4). Let q(m) = 2*m**3 - 3*m**2 + m - 1. Let j be q(2). Let a = h - j. What is the units digit of a?
8
Suppose 0*f + 90 = 3*f. What is the units digit of f?
0
What is the units digit of (-103)/(-15) - 6/(-45)?
7
Let l(k) = k + 9. Let o be l(-6). Let p = 5 - o. What is the units digit of p?
2
Let q(h) be the second derivative of h**3/6 + 4*h**2 + 2*h. Let c be q(0). Suppose 6*j - 2*j - c = 0. What is the units digit of j?
2
Let m(o) = -3*o - 20. What is the units digit of m(-8)?
4
Suppose r - 1026 = -3*r - 2*u, 5*r - u - 1300 = 0. What is the tens digit of r?
5
Let n(s) = -24*s**3 + 2*s**2 - 1. Let z be n(-1). Let p = z + -16. What is the units digit of p?
9
Let y be (-66)/9 - (-4)/(-6). Let l(o) = o**3 + 7*o**2 - 8*o + 5. What is the units digit of l(y)?
5
Let v be -3*((-268)/12 + -3). Suppose 4*c - 4*s - 191 + 79 = 0, 2*c + 2*s = v. What is the tens digit of c?
3
Let k(u) = -1 - 4 + 6*u**2 + u - u**3 - 4*u. Suppose 0 = g - b - 6 - 0, 4*g + 2*b - 18 = 0. What is the units digit of k(g)?
5
Let c = 1 - -1. What is the tens digit of ((-45)/(-3))/(3/c)?
1
What is the units digit of 84 - (1 - 2/2)?
4
Let s(y) = 3*y**2 - 4. What is the units digit of s(2)?
8
Suppose 12 = -3*c + 6*t - 3*t, 3*c = -4*t + 23. Let d = 3 - c. What is the units digit of d?
2
Let p = -14 - -44. What is the units digit of p?
0
Let k = -53 - -87. What is the tens digit of k?
3
Suppose -3*c + 28 = 5*b + 95, b + 2 = 0. Let p(u) = -u + 1. Let y be p(6). Let l = y - c. What is the tens digit of l?
1
Let u(j) be the third derivative of j**5/60 - j**4/24 - j**3/3 + j**2. What is the units digit of u(5)?
8
Suppose 0 = -3*n + n - 2. W